{"id":45,"date":"2023-03-01T21:43:43","date_gmt":"2023-03-01T21:43:43","guid":{"rendered":"https:\/\/spzoz.konstantynow.pl\/?page_id=45"},"modified":"2023-03-01T21:43:46","modified_gmt":"2023-03-01T21:43:46","slug":"o-nas","status":"publish","type":"page","link":"https:\/\/spzoz.konstantynow.pl\/?page_id=45","title":{"rendered":"O nas"},"content":{"rendered":"\n<p><\/p>\n\n\n\n<h2 class=\"has-text-align-center wp-block-heading\">Samodzielny Publiczny Zak\u0142ad Opieki Zdrowotnej w Konstantynowie \u0141\u00f3dzkim&nbsp;<\/h2>\n\n\n\n<p>95-050 Konstantyn\u00f3w \u0141\u00f3dzki, ul. Sadowa 10&nbsp;<br>tel. sekretariat 42 231 50 55<br>fax 42 211 11 30&nbsp;<br>e-mail sekretariat@spzoz.konstantynow.pl<br>NIP 731-17-31-057&nbsp;<br>Regon 472240603&nbsp;<br>KRS : 0000011559&nbsp;<br>Nr wpisu do Rejestru Zak\u0142ad\u00f3w Opieki Zdrowotnych Wojewody 10-00411&nbsp;<\/p>\n\n\n\n<p>Organ za\u0142o\u017cycielski: Rada Miejska w Konstantynowie \u0141\u00f3dzkim&nbsp;<br>Organ opiniodawczy: Rada Spo\u0142eczna&nbsp;<\/p>\n\n\n\n<p>Dyrektor: S\u0142awomir Jab\u0142o\u0144ski&nbsp;<br>G\u0142\u00f3wna Ksi\u0119gowa: Edyta Leszczy\u0144ska&nbsp;<br>Prze\u0142o\u017cona Piel\u0119gniarek: Joanna Szylin&nbsp;<\/p>\n\n\n\n<p class=\"has-text-align-left has-very-dark-gray-color has-text-color\">Od 1999 r. \u015bwiadczymy us\u0142ugi medyczne na najwy\u017cszym poziomie, zgodnie z aktualnym stanem wiedzy medycznej w ramach um\u00f3w z Narodowym Funduszem Zdrowia. Staramy si\u0119 zapewni\u0107 Pa\u0144stwu mi\u0142\u0105 i fachow\u0105 obs\u0142ug\u0119, a chc\u0105c jeszcze lepiej spe\u0142nia\u0107 oczekiwania naszych Pacjent\u00f3w w 2011 r. wdro\u017cyli\u015bmy system zarz\u0105dzania jako\u015bci\u0105 ISO 9001, kt\u00f3ry gwarantuje najwy\u017csze standardy opieki medycznej.<\/p>\n\n\n\n<p class=\"has-text-align-left has-very-dark-gray-color has-text-color\">Nasza plac\u00f3wka wychodzi naprzeciw Pacjentom i ich potrzebom. Bierzemy udzia\u0142 w licznych akcjach spo\u0142ecznych. Dbamy r\u00f3wnie\u017c o naszych pracownik\u00f3w, tworz\u0105c dobr\u0105 atmosfer\u0119 pracy. Zatrudniamy tak\u017ce osoby niepe\u0142nosprawne.<\/p>\n\n\n\n<p class=\"has-text-align-left has-very-dark-gray-color has-text-color\">\u015awiadczenia medyczne s\u0105 realizowane w godzinach 8:00-18:00 po osobistym lub telefonicznym zg\u0142oszeniu.<\/p>\n\n\n\n<p class=\"has-text-align-left has-very-dark-gray-color has-text-color\">&nbsp;Rejestracja SPZOZ pracuje w godzinach 7:00-18:00.<\/p>\n\n\n\n<p class=\"has-text-align-left has-very-dark-gray-color has-text-color\">Wizyty domowe przyjmowane s\u0105 po wcze\u015bniejszym om\u00f3wieniu z lekarzem. Do lekarzy internist\u00f3w w przypadku planowych porad przyjmujemy zapisy. Zachorowania bie\u017c\u0105ce przyjmowane s\u0105 codziennie. Na wizyty do lekarzy pediatr\u00f3w zapisujemy na konkretn\u0105 godzin\u0119.<\/p>\n","protected":false},"excerpt":{"rendered":"<p>Samodzielny Publiczny Zak\u0142ad Opieki Zdrowotnej w Konstantynowie \u0141\u00f3dzkim&nbsp; 95-050 Konstantyn\u00f3w \u0141\u00f3dzki, ul. Sadowa 10&nbsp;tel. sekretariat 42 231 50 55fax 42 211 11 30&nbsp;e-mail sekretariat@spzoz.konstantynow.plNIP 731-17-31-057&nbsp;Regon 472240603&nbsp;KRS : 0000011559&nbsp;Nr wpisu do Rejestru Zak\u0142ad\u00f3w Opieki Zdrowotnych Wojewody 10-00411&nbsp; Organ za\u0142o\u017cycielski: Rada Miejska w Konstantynowie \u0141\u00f3dzkim&nbsp;Organ opiniodawczy: Rada Spo\u0142eczna&nbsp; Dyrektor: S\u0142awomir Jab\u0142o\u0144ski&nbsp;G\u0142\u00f3wna Ksi\u0119gowa: Edyta Leszczy\u0144ska&nbsp;Prze\u0142o\u017cona Piel\u0119gniarek: Joanna Szylin&nbsp;&hellip; <br \/> <a class=\"read-more\" href=\"https:\/\/spzoz.konstantynow.pl\/?page_id=45\">Dowiedz si\u0119 wi\u0119cej<\/a><\/p>\n","protected":false},"author":1,"featured_media":0,"parent":0,"menu_order":0,"comment_status":"closed","ping_status":"closed","template":"","meta":{"footnotes":""},"class_list":["post-45","page","type-page","status-publish","hentry"],"_links":{"self":[{"href":"https:\/\/spzoz.konstantynow.pl\/index.php?rest_route=\/wp\/v2\/pages\/45","targetHints":{"allow":["GET"]}}],"collection":[{"href":"https:\/\/spzoz.konstantynow.pl\/index.php?rest_route=\/wp\/v2\/pages"}],"about":[{"href":"https:\/\/spzoz.konstantynow.pl\/index.php?rest_route=\/wp\/v2\/types\/page"}],"author":[{"embeddable":true,"href":"https:\/\/spzoz.konstantynow.pl\/index.php?rest_route=\/wp\/v2\/users\/1"}],"replies":[{"embeddable":true,"href":"https:\/\/spzoz.konstantynow.pl\/index.php?rest_route=%2Fwp%2Fv2%2Fcomments&post=45"}],"version-history":[{"count":1,"href":"https:\/\/spzoz.konstantynow.pl\/index.php?rest_route=\/wp\/v2\/pages\/45\/revisions"}],"predecessor-version":[{"id":47,"href":"https:\/\/spzoz.konstantynow.pl\/index.php?rest_route=\/wp\/v2\/pages\/45\/revisions\/47"}],"wp:attachment":[{"href":"https:\/\/spzoz.konstantynow.pl\/index.php?rest_route=%2Fwp%2Fv2%2Fmedia&parent=45"}],"curies":[{"name":"wp","href":"https:\/\/api.w.org\/{rel}","templated":true}]}}